 + 5*u + 2 = 0. Let b = 6 + l. What is the units digit of b?
4
What is the hundreds digit of ((-1086)/12 - 5)/((-1)/2)?
1
Suppose 0 = -0*p - 5*p - 45. Let b = p - -20. What is the tens digit of b?
1
Suppose 8 = 4*k, 0 = -5*c - 0*k - 2*k + 29. Suppose 3*t + 30 = c*t. What is the tens digit of t?
1
Suppose 0 = -k - k + 194. What is the units digit of k?
7
Let p = 148 - 95. What is the units digit of p?
3
Suppose -4*h + 57 = -23. What is the units digit of h*(-2 - (-28)/10)?
6
Suppose -c - 4 = -3*c. Suppose -4*p + 3*f = -9*p + 28, 3*p - 32 = c*f. What is the units digit of p?
8
Let p(z) = 4*z + 4. What is the units digit of p(5)?
4
Suppose 0 = 5*j - 4*p - 39, 3*j - p + 6 = 4*j. Let k = j - 7. Let u(c) = -c**2 + c + 3. What is the units digit of u(k)?
3
Let w = -18 + 9. Let t = w + 22. What is the tens digit of t?
1
Let o be 31/11 - (-2)/11. Suppose -g + 5*t - 1 + 4 = 0, o*g + 48 = -4*t. Let h = 0 - g. What is the units digit of h?
2
Suppose m - 16 = -q - 0, 5*m = -4*q + 64. What is the tens digit of -6*(-12)/32*q?
3
Let l = -3 + 6. Let t(a) = 1 + l + 0*a + 8 + a + a**3. What is the tens digit of t(0)?
1
Let s be (2 + 0/(-1))*2. Suppose 5*y - 6 = -3*p, -s = -2*p + y - 0. Suppose p*o - 15 = -5. What is the units digit of o?
5
Let c = 69 + -40. What is the tens digit of c?
2
Let z = -5 + 5. Let v(i) = -i**2 + 1. What is the units digit of v(z)?
1
Let d = -282 - -409. What is the units digit of d?
7
Let d = 98 - 65. What is the tens digit of d?
3
Suppose 201 = -11*i + 696. What is the units digit of i?
5
Let l(k) be the first derivative of -3*k**2/2 + 1. What is the tens digit of l(-5)?
1
Suppose 7 = 6*o - 197. What is the units digit of o?
4
Suppose 4*m - 105 + 17 = 0. Let b = 59 - m. What is the units digit of b?
7
Let b = 126 + -86. Let c = 25 - b. What is the units digit of c*(2/(-10) - 1)?
8
Suppose i - 3*i = -12. Suppose 4*n = -5*j + 10, 4*j - j - n = i. Suppose 0 = j*a - v - 18, 4*a + v - 25 - 11 = 0. What is the units digit of a?
9
Suppose 4*j + j = -440. Let l = -57 - j. What is the tens digit of l?
3
Suppose 4*g = 3*h - 0*h - 248, -5*h - g = -398. Suppose h = -3*z - 2*z. Let o = -3 - z. What is the tens digit of o?
1
Suppose -2*r + r = 16. Let n = r - -21. What is the units digit of n?
5
What is the hundreds digit of (344/(-12))/((-3)/18)?
1
Suppose 0*a - 2*a - 4 = 0. Let o(j) = -6*j - 3. What is the units digit of o(a)?
9
Let q = 606 + -224. What is the hundreds digit of q?
3
Let t = 91 - 70. What is the units digit of t?
1
Suppose y + 22 = 2*a - 3*y, -2*a = y - 12. What is the units digit of a?
7
Suppose -s = -5*s - 96. Let k = s + 38. What is the units digit of k?
4
Let c be (-1 - (-21)/6)*2. Suppose -3*a + 5*j = -4*a - 3, -7 = -a + c*j. Suppose -2*r = -q + a*r, 22 = 5*q + 2*r. What is the units digit of q?
4
Let s(v) be the first derivative of 11*v**4/4 + v - 2. Let t be s(1). What is the units digit of ((-6)/(-4))/(t/32)?
4
Suppose 0 = 4*f - 11 - 13. What is the units digit of (8/f + -2)*-3?
2
Let p(x) = 4*x**2 + 12*x - 10. Let s(j) = -9*j**2 - 25*j + 20. Let c(f) = -7*p(f) - 3*s(f). What is the units digit of c(-7)?
4
Suppose -3*w = -0*w. Suppose 0*k - k = w. Suppose 2*m - 5*j - 6 = k, -j = -1 - 1. What is the units digit of m?
8
Suppose w = -0*w. What is the units digit of w + -6*(-13)/2?
9
Let s = 4 - 3. Suppose -3*k + 0*k + 41 = 5*m, m = 3*k + s. Suppose 5*h - m = 38. What is the units digit of h?
9
Suppose -28 = -t + 4*p, 2*t - p + 101 = 4*t. What is the tens digit of t?
4
Let f = 9 + -4. What is the units digit of f?
5
Suppose 3*c + 2220 = 15*c. What is the hundreds digit of c?
1
Let f = 35 + 28. Suppose -f - 12 = -5*o. What is the units digit of o?
5
Suppose -4*i + 2*i - 2*f + 124 = 0, 0 = 5*i + f - 298. What is the units digit of i?
9
Let h be 35/10 + 1/2. Suppose -d + h*d - 13 = -2*s, 0 = 2*s - 3*d + 17. What is the units digit of 7 + s*(2 + -1)?
6
Suppose k + k = 10. Suppose k*g - g = 20. Let b(r) = r**2 - 2*r - 3. What is the tens digit of b(g)?
1
Suppose -5*y - 8 = -33. Suppose 0 = y*w - 0*w. Suppose w = -3*g - g + 40. What is the tens digit of g?
1
Let f(b) = -b**3 - 5*b**2 + 6*b + 4. Let v be f(-6). Suppose 6*u = u - 4*s + 54, 42 = v*u + 2*s. What is the units digit of u?
0
Let l(f) = f + 10. Suppose 4*u - 24 = 7*u. Let s be l(u). Suppose 0 = 5*j + s*i - 26, 3*j + 0*i = -4*i + 10. What is the units digit of j?
6
Suppose -4*h = -m - 14, -2*h + 16 = 3*m + m. Suppose -66 = -k - m*k. What is the units digit of k?
2
Let o = -1 - -38. What is the tens digit of o?
3
Let q(d) = -d**2 - 7*d + 0*d**3 - 5 - 7*d**2 - d**3. Let w be q(-7). Let a(f) = -f - 1. What is the units digit of a(w)?
4
Let a = 8 - 6. Suppose -3*w - 16 = -6*w - 2*f, 6 = a*w - f. What is the units digit of w?
4
Let l(c) = 2*c - 3. Let g be l(4). Let s(p) = p**2 + p - 11. What is the tens digit of s(g)?
1
Let x(p) = p**3 - 9*p**2 + 10*p. Suppose 2 = q - 0. Suppose 8 = q*u - u. What is the tens digit of x(u)?
1
Let k(r) = -2*r - 9. Suppose 0 = n - 4*y + 26, -3*y + 0*y + 21 = -n. Let p be k(n). Suppose -p*f = -4*f + 8. What is the units digit of f?
8
Suppose 5 = -i + 180. What is the tens digit of i?
7
Suppose 4*r + 2 = 18. Suppose -56 = -2*o - 2*o - r*s, 0 = 5*s + 20. What is the units digit of o?
8
Suppose 5*f + 4*b + 0*b + 50 = 0, 0 = 5*f + 5*b + 55. What is the units digit of 2*(2 + (-15)/f)?
9
Suppose 2*w + t = 147, 66 + 4 = w + 4*t. What is the tens digit of w?
7
Suppose 0 = 3*u - 467 + 170. What is the tens digit of u?
9
Let q(d) = d + 1. Let y be q(3). Let s be -3*(8/6 + -2). Suppose p = y*b - 4, -4*b - 2*p + 2 = -s*b. What is the units digit of b?
1
Let i = 151 + -62. What is the tens digit of i?
8
Let c be 1/3 - (-34)/6. Let t = -2 - -6. Let u = c - t. What is the units digit of u?
2
Let c(s) = 7*s + 6*s - s**2 + 0*s + 14 - 3*s. Let n be c(11). Suppose 5*h - 50 = v - 0*v, -5*v + 30 = n*h. What is the tens digit of h?
1
Suppose 8 = 3*u - u. Let z(m) = m - 2. What is the units digit of z(u)?
2
Suppose -6*q + 150 = -q. Suppose 0 = -j - 4 + q. What is the units digit of j?
6
Let p be ((-4)/(-6))/(2/12). Let i be (-2 + -2 + p)*1. Let g = 5 + i. What is the units digit of g?
5
Suppose 4 = -4*h, 0*h - 35 = -z - h. What is the tens digit of z?
3
Let q be 1 - 1*(4 - 2). Let k be (42/9)/q*-3. What is the units digit of 1/(-1*(-2)/k)?
7
Let t(c) = -33*c - 12. What is the units digit of t(-2)?
4
Let p(j) = j**2 + 10*j + 14. Let r be p(-10). Suppose 0 = 2*a - 12 - r. What is the units digit of a?
3
Suppose 0 = -4*b + 146 + 82. What is the tens digit of b?
5
Let w(o) = -10*o + 11. Let v(b) = 11*b - 11. Let g(a) = -6*v(a) - 7*w(a). What is the units digit of g(10)?
9
Suppose 0 = 3*q + 2*q + 2*v - 104, -3*q + 72 = -2*v. What is the tens digit of q?
2
Suppose 0 = 2*c - 3 - 7. Suppose -3*o + c*o = 32. What is the tens digit of o?
1
Let t(q) = q + 100. Let b be t(0). Suppose 0 = -4*j - j + b. What is the units digit of j?
0
Let w(l) = -l**2 - 9*l - 7. Let x(h) = -4*h. Let f be x(1). Let t = f + -3. What is the units digit of w(t)?
7
Let j(t) = -12*t + 8*t**2 + t**3 - 8 + t - 4. Suppose -2*d = d - 3*m + 36, d + m = -6. What is the units digit of j(d)?
6
Let f = 18 + -1. What is the units digit of f?
7
Let r(q) = q**3 + q**2 - 4*q + 1. What is the units digit of r(5)?
1
Suppose 5*t - 2*t = 12. Suppose 70 = g + t*g. What is the tens digit of g?
1
What is the hundreds digit of 6/(-36) + 2462/12?
2
Suppose 2*a - 4*a + 80 = 0. What is the units digit of a?
0
Suppose u + 0*u - 2 = -d, 5*u - 10 = 3*d. Suppose u*h - 4 = h. Suppose 16 = -4*k, -h*r = -k - 2*k - 16. What is the units digit of r?
1
Suppose -n = n - 32. Suppose 3*l + n = -l. Let o = l + 6. What is the units digit of o?
2
Let w = 41 + 2. What is the tens digit of w?
4
Let m = -35 + 51. What is the units digit of m?
6
Suppose 7*z - 8 = 3*z. Suppose -z*n + 0*n = 0. Suppose 9 = 5*b - 4*h, -2*b + 0*h + h + 3 = n. What is the units digit of b?
1
Suppose -v - 2 = -62. What is the units digit of v?
0
What is the units digit of (-8)/2 - -9 - -3?
8
Suppose -5*d + 40 = 3*l, -5*l - 88 = -5*d - 8. Suppose 6*m = d*m - 45. What is the units digit of m?
9
Let s = -35 - -25. Let y be (-6)/(-15) + 24/s. What is the units digit of -1*12*1/y?
6
What is the units digit of (-420)/126*(-882)/10?
4
Let z = 13 - 8. What is the units digit of